*2 - 4 + a + 7 - 5*i. What is t(4)?
2
Let g(k) = -k**2 + 8*k - 7. Let l(r) = r**2 + 6*r + 5. Let y be l(-6). Calculate g(y).
8
Suppose r + 2*s + 7 = 3*s, 4*s = 16. Let c(f) = f**3 - 3*f**2 - 3*f - 3. Let b(k) = k**2 + 1. Let z(n) = -4*b(n) - c(n). Calculate z(r).
8
Let s(b) = b**2 + 1. Let a(k) = -2*k**2 - 5*k. Let q(p) = a(p) + 3*s(p). Calculate q(5).
3
Let v = -78 + 75. Let x(c) = -c - 1 - c + 0*c. Give x(v).
5
Suppose 6*x - 4*x = -2*d - 14, -17 = 2*x + 5*d. Let n = 3 - 0. Let t(g) = -3*g**3 + 4*g**3 + 7*g**2 - n + 4*g - 4. Determine t(x).
5
Let v(d) = 3 - 4 - d**2 - 8. Let h(w) = 2*w**3 - 3*w**2 - w + 2. Let n be h(2). Suppose 4*r + n = 2*x, 4*r = 3*x + x - 8. What is v(r)?
-9
Let s(a) = 3*a**2 - 8*a**2 + 3*a**2 + a**3 + 4 - 72*a + 66*a. Give s(4).
12
Suppose -3 = -x + 3. Let q(n) = -n**2 + 7*n - 8. Give q(x).
-2
Suppose -4*f = 4*w + 12, 0 = -2*w - 4*f + 6 - 20. Let z(o) = -9*o + 1. Calculate z(w).
-8
Let g(p) = -2*p**2 + 1 + 2*p**2 - p**2 - p. Determine g(2).
-5
Suppose 5*v - v + 8 = 2*d, 5*d = 2*v + 4. Let i be d*(6/(-4) - -1). Let y(k) = -k - 7. Calculate y(i).
-7
Let h(y) be the first derivative of y**2/2 - y + 7. Determine h(-4).
-5
Let y(k) = -6*k. Let z be y(-1). Let x(l) = -3*l**2 - 1 + 1 + l**3 - 2 + z + 2*l. What is x(3)?
10
Let y(u) = 10*u + 10. Let l(s) = -s + 1. Let z(b) = -20*l(b) - y(b). Let d(x) = -2*x + 6. Let n(q) = -16*d(q) - 3*z(q). Determine n(5).
4
Let b(w) be the second derivative of -w**3/2 - 19*w. Calculate b(4).
-12
Let r(s) be the third derivative of -s**4/24 - s**3/6 - 4*s**2. What is r(-1)?
0
Let y(c) be the second derivative of c**3/2 - c**2/2 + 11*c. Give y(3).
8
Suppose 0 = -5*a + 4 + 1. Let g(f) = a - 3 + f**2 + 5 + f**3. Give g(0).
3
Let o(i) be the third derivative of -i**7/252 + i**4/12 - 3*i**2. Let m(d) be the second derivative of o(d). Suppose 2*c - 5*c = -3. Give m(c).
-10
Suppose 0 = -5*h - 10, 3*g = -3*h - 2*h - 7. Let r(w) = 4*w**2 - w + 3. Let y(n) = -n**2 - 1. Let m(k) = g*r(k) + 2*y(k). Let o = -2 - -3. What is m(o)?
2
Let r(o) be the third derivative of 0*o + 1/24*o**4 + 0 - 1/3*o**3 + 0*o**5 - 1/120*o**6 - 2*o**2. Calculate r(0).
-2
Let u(n) = -n**2 - 6*n + 4. Let c(h) = -7*h**2 + 3*h - 2. Let o be c(1). Determine u(o).
4
Let j(n) be the first derivative of -n**2/2 - 3. Let a = -13 - -7. Let f be (2/a)/(1/(-9)). Give j(f).
-3
Let a(b) = -b**3 + 5*b**2 + 3*b + 3. Let j be (-5)/2 - 180/(-24). What is a(j)?
18
Let r(l) be the third derivative of -l**7/2520 + l**6/120 - l**5/15 - 2*l**2. Let f(c) be the third derivative of r(c). Determine f(4).
-2
Let g(l) = 63*l - 32*l - 32*l - 2. Calculate g(-7).
5
Let v(y) be the first derivative of y**3/3 - 3*y**2/2 + 3*y - 10. Let f = -8 - -4. Let a = -1 - f. What is v(a)?
3
Let v(j) = -j + 2. Let c be v(0). Suppose -2*u - c = -18. Suppose 0 = 4*z - u - 12. Let i(l) = -l**2 + 6*l - 3. Give i(z).
2
Let n(j) = 2*j - j**2 + 4*j**2 - 5*j**2 - 3*j**2 + 1. Calculate n(-1).
-6
Suppose -2*q + 14 - 24 = 0. Let m(h) = -h**3 - 6*h**2 - 4*h + 7. Determine m(q).
2
Let t = -110 - -117. Let j(b) = -b**3 + 8*b**2 - 7*b + 6. Calculate j(t).
6
Let u(b) = -b**3 - 3*b**2 - 3*b - 3. Let j(m) = m**3 + 4*m**2 - 6*m - 7. Let s be j(-5). What is u(s)?
-1
Let d(y) = -y**3 + 7*y**2 + y - 7. Suppose 2*q = q + 7. Determine d(q).
0
Let h(y) be the second derivative of -y**6/720 - y**5/120 - y**4/12 + y. Let o(b) be the third derivative of h(b). Let g = -3 + -1. Give o(g).
3
Let z(b) be the first derivative of 7*b**3/3 - b**2/2 - 1. Suppose 0*j - 5 = 4*j + 3*u, 4*j - 4*u = 16. Give z(j).
6
Let i(r) be the second derivative of -2*r**4/3 - r**3/3 - r**2/2 + 38*r. Determine i(-1).
-7
Let d(p) = 5*p**2 - p. Suppose 0 = -4*g + 4 - 0. Let z(c) = 1 - g + c. Let t be z(1). What is d(t)?
4
Suppose 3*v - 4*o + 11 = -2*o, -5*v - 2*o = -3. Let m(r) = -18*r**2 - r - 1. Calculate m(v).
-18
Suppose 5*t - 30 = 2*m, 13 = -3*t - 3*m - 2*m. Suppose 0 = -3*d - t*k + 11, -2*d - k = k - 6. Let w(b) = b**2 - b**2 + 2*b - 2 + 1 + 3*b**2. What is w(d)?
4
Let t = 14 - 20. Let s(b) = b**2 + 5*b - 3. What is s(t)?
3
Let j(b) be the first derivative of -b**6/120 + 7*b**5/60 - b**4/4 + 3*b**3/2 + 3*b**2/2 - 6. Let s(z) be the second derivative of j(z). Calculate s(6).
9
Let k(y) = -y + 3*y - 3*y. Suppose -6 + 2 = 2*w. What is k(w)?
2
Let b be 9/(-18) + 18/4. Let v = 5 - b. Let t(h) = 3*h + 1. What is t(v)?
4
Let m be (-8)/(-14)*(0 - 21/(-6)). Let d(x) = x. What is d(m)?
2
Let z(m) = -8*m**3 + m**2. Let q(u) be the first derivative of u**4/4 - 2*u**3/3 - u - 1. Let t be q(2). Give z(t).
9
Let a(h) be the first derivative of -h - h**2 - 1/6*h**3 - 1/6*h**4 - 3. Let q(x) be the first derivative of a(x). Give q(-2).
-8
Let x(n) = 3*n**2 + 0*n**3 - 2*n**2 - n**3 - n**3. Let g = 3 + -1. Calculate x(g).
-12
Let t(f) be the second derivative of -2*f - 1/3*f**3 - 1/12*f**4 + 0 - 2*f**2. Suppose -4*y - 22 = -5*i, 5*i = 5*y + 18 + 7. Determine t(y).
-7
Let d(l) be the second derivative of -3*l**3/2 + l**2/2 - 24*l. Suppose 0 = -r - r + 2. Calculate d(r).
-8
Let p(l) be the third derivative of 1/6*l**4 - 2/3*l**3 + 0*l + 0 - l**2. Determine p(3).
8
Let b(g) = g + 16. Let d be b(-11). Let o = 4 - 8. Let n = d + o. Let i(u) = -u. What is i(n)?
-1
Let i(t) be the second derivative of t**5/20 + t**4/3 + t**3/3 + 5*t**2/2 + 2*t. Suppose -2*m = 2*m + 16. Calculate i(m).
-3
Let p(t) = -t - 5. Let u be (-3)/6*(-8)/(-1). Let n = u - 0. What is p(n)?
-1
Let d(r) be the first derivative of 0*r**2 + r**3 + 0*r - 1/12*r**4 - 1/40*r**5 - 2. Let f(k) be the third derivative of d(k). Calculate f(-2).
4
Let v(r) = 4 - 2 - r - 1 + 0. Give v(-4).
5
Let u(z) be the third derivative of -z**6/120 - z**5/30 + z**4/24 - z**3/6 + 36*z**2. What is u(-3)?
5
Let u(l) be the second derivative of -l**5/20 + l**4/12 - l**2 - 4*l. Give u(2).
-6
Let m(o) = o**2 - o - 3. Let q(d) = 4 + 0 + 0 - 3. Let x(g) = -m(g) + q(g). What is x(4)?
-8
Let w(d) = 2*d - 7. Suppose g + 3*g - 5*p - 13 = 0, 2*g + 11 = -p. Let a = 4 + g. Let o be (-7 + 1)*a/(-1). Give w(o).
5
Suppose 3 - 9 = 2*m. Let w(i) be the first derivative of -i**2 - 2*i - 2. Calculate w(m).
4
Let n(v) be the third derivative of -v**6/120 + 7*v**5/60 - v**4/4 - v**3/3 - 2*v**2. Determine n(6).
-2
Let q(w) = w**2 - w + 1. Let s(n) = -2*n**2 + 3*n - 3. Let o(y) = 3*q(y) + s(y). Let z = 2 + -2. Suppose t = 1 - z. Give o(t).
1
Let u(g) = -g**2 + 1. Let a be u(-1). Suppose 3*f + a - 15 = 0. Let d(y) = 4*y**3 - 5*y**3 + 3*y + 1 + 2*y**3 - f*y**2. Determine d(3).
-8
Let n(k) = 9*k**2 - k**2 - 5*k + 3 - k**2. Let t(y) = y - 1. Let w(o) = 4*o**2 + o - 2. Let b(u) = 4*t(u) - w(u). Let h(r) = -5*b(r) - 3*n(r). Calculate h(-1).
0
Let g(z) = -z**3 + 11*z**2 - 9*z - 13. Let c be -4 - -2*(35/5 + 0). Give g(c).
-3
Let f(a) = a**2 - 3*a - 1. Let m be f(4). Let y = 6 - 4. Let o(d) = -y - 2*d + d**2 - 3*d**2 + d**2 + d**3. Give o(m).
10
Let k(w) = -18*w**3 - 2*w**2 - 2*w + 1. Let r(i) = -72*i**3 - 9*i**2 - 9*i + 5. Let s(m) = 9*k(m) - 2*r(m). What is s(-1)?
17
Suppose 5*j = -4*t + 30, j + 2*j + 19 = 5*t. Let v = 2 + 0. Let i(g) = 2*g**v - 4 + g**3 - g + g**j + 8. Calculate i(-3).
7
Let a(h) = h - 10. Let x be a(9). Let k(b) = -2 + 2 + 1. Let l(g) = 5*g - 5. Let r(f) = 6*k(f) + l(f). Calculate r(x).
-4
Let t be (-3 - -2)*-1 - -1. Let k(f) = -t*f**2 - 2*f**2 - f**2 + 2*f - f. Give k(-1).
-6
Let i(y) = -2 + 3 + y + 2. Let l be -1*5*(-16)/40. Suppose -2*g - l = 6. What is i(g)?
-1
Suppose -4*b - 3*p = -45, 5*p + 7 - 27 = -3*b. Suppose b = -5*m - 10. Let v(a) = -a**2 - 5*a + 7. Give v(m).
7
Suppose 4*h - 5*n + 29 = 0, -4*h - 4*n + 21 = -5*h. Let r(l) = 5*l**3 + 2*l**2 + 2*l + 1. Determine r(h).
-4
Suppose -2*v + 4 = 2*y, v + 17 = 4*y - 4*v. Suppose 0 = -y*l + l. Let s(u) = -u + 3*u - 3 + u + l*u. Determine s(2).
3
Let i(a) be the third derivative of a**6/120 + a**5/15 + a**4/12 + a**3 - 2*a**2. Determine i(-4).
-2
Let f(g) = g**3 - 5*g**2 - g - 1. Suppose -15 - 5 = -5*i. Let v be 2 + -1 + i*1. What is f(v)?
-6
Let m(x) = 3*x + 3. Let v be m(-3). Let d(g) be the third derivative of -1/12*g**4 + 0*g + 0 - 3/2*g**3 + 2*g**2. Calculate d(v).
3
Let s be (-18)/(-4)*6/9. Suppose 0 = -s*n - 0 - 3. Let k(q) = 2*q + 1. Calculate k(n).
-1
Let f(w) = -w**2 - 1. Let i(s) = 5*s**2 + 2. Let t(h) = 4*f(h) + i(h). Suppose 5*a = -2*z + 4, 4*a + a 